{"id":125,"date":"2021-07-05T17:40:36","date_gmt":"2021-07-05T20:40:36","guid":{"rendered":"http:\/\/www.compras.ma.gov.br\/portal\/?page_id=125"},"modified":"2021-07-05T17:40:36","modified_gmt":"2021-07-05T20:40:36","slug":"duvidas-frequentes","status":"publish","type":"page","link":"http:\/\/www.compras.ma.gov.br\/portal\/manuais-2\/duvidas-frequentes\/","title":{"rendered":"Perguntas Frequentes"},"content":{"rendered":"\n<p>Aqui voc\u00ea encontrar\u00e1 as principais perguntas e resposta sobre:<\/p>\n<p>&nbsp;<\/p>\n<ul>\n<li><strong>Compras &#8211; Preg\u00e3o Presencial e Eletr\u00f4nico<\/strong><\/li>\n<li><b>Cota\u00e7\u00e3o Eletr\u00f4nica<\/b><\/li>\n<li><strong>Contratos<\/strong><\/li>\n<li><strong>Almoxarifado e\u00a0<\/strong><b>Patrim\u00f4nio<\/b><\/li>\n<li><strong>Cadastro de Fornecedores e de Usu\u00e1rios<\/strong><\/li>\n<li><strong>Cat\u00e1logo de Especifica\u00e7\u00f5es<\/strong><\/li>\n<li><strong>Plano Anual de Compras P\u00fablicas<\/strong><\/li>\n<li><strong>Gest\u00e3o de Registro de Pre\u00e7os<\/strong><\/li>\n<li><strong>Estudo t\u00e9cnico Preliminar e Gest\u00e3o de Riscos<\/strong><\/li>\n<\/ul>\n\n<p>&nbsp;<\/p>\n\n<p>&nbsp;<\/p>\n","protected":false},"excerpt":{"rendered":"<p>Aqui voc\u00ea encontrar\u00e1 as principais perguntas e resposta sobre: &nbsp; Compras &#8211; Preg\u00e3o Presencial e Eletr\u00f4nico Cota\u00e7\u00e3o Eletr\u00f4nica Contratos Almoxarifado e\u00a0Patrim\u00f4nio Cadastro de Fornecedores e de Usu\u00e1rios Cat\u00e1logo de Especifica\u00e7\u00f5es Plano Anual de Compras P\u00fablicas Gest\u00e3o de Registro de Pre\u00e7os Estudo t\u00e9cnico Preliminar e Gest\u00e3o de Riscos &nbsp; &nbsp;<\/p>\n","protected":false},"author":1,"featured_media":0,"parent":496,"menu_order":0,"comment_status":"closed","ping_status":"closed","template":"","meta":{"footnotes":""},"class_list":["post-125","page","type-page","status-publish","hentry"],"_links":{"self":[{"href":"http:\/\/www.compras.ma.gov.br\/portal\/wp-json\/wp\/v2\/pages\/125","targetHints":{"allow":["GET"]}}],"collection":[{"href":"http:\/\/www.compras.ma.gov.br\/portal\/wp-json\/wp\/v2\/pages"}],"about":[{"href":"http:\/\/www.compras.ma.gov.br\/portal\/wp-json\/wp\/v2\/types\/page"}],"author":[{"embeddable":true,"href":"http:\/\/www.compras.ma.gov.br\/portal\/wp-json\/wp\/v2\/users\/1"}],"replies":[{"embeddable":true,"href":"http:\/\/www.compras.ma.gov.br\/portal\/wp-json\/wp\/v2\/comments?post=125"}],"version-history":[{"count":0,"href":"http:\/\/www.compras.ma.gov.br\/portal\/wp-json\/wp\/v2\/pages\/125\/revisions"}],"up":[{"embeddable":true,"href":"http:\/\/www.compras.ma.gov.br\/portal\/wp-json\/wp\/v2\/pages\/496"}],"wp:attachment":[{"href":"http:\/\/www.compras.ma.gov.br\/portal\/wp-json\/wp\/v2\/media?parent=125"}],"curies":[{"name":"wp","href":"https:\/\/api.w.org\/{rel}","templated":true}]}}

<p>Aqui você encontrará as principais perguntas e resposta sobre:</p>
<p>&nbsp;</p>
<ul>
<li><strong>Compras &#8211; Pregão Presencial e Eletrônico</strong></li>
<li><b>Cotação Eletrônica</b></li>
<li><strong>Contratos</strong></li>
<li><strong>Almoxarifado e </strong><b>Patrimônio</b></li>
<li><strong>Cadastro de Fornecedores e de Usuários</strong></li>
<li><strong>Catálogo de Especificações</strong></li>
<li><strong>Plano Anual de Compras Públicas</strong></li>
<li><strong>Gestão de Registro de Preços</strong></li>
<li><strong>Estudo técnico Preliminar e Gestão de Riscos</strong></li>
</ul>

<p>&nbsp;</p>

<p>&nbsp;</p>

<p>Aqui você encontrará as principais perguntas e resposta sobre: &nbsp; Compras &#8211; Pregão Presencial e Eletrônico Cotação Eletrônica Contratos Almoxarifado e Patrimônio Cadastro de Fornecedores e de Usuários Catálogo de Especificações Plano Anual de Compras Públicas Gestão de Registro de Preços Estudo técnico Preliminar e Gestão de Riscos &nbsp; &nbsp;</p>
