{"id":551,"date":"2022-04-01T15:26:06","date_gmt":"2022-04-01T18:26:06","guid":{"rendered":"http:\/\/www.compras.ma.gov.br\/portal\/?page_id=551"},"modified":"2022-04-01T15:26:06","modified_gmt":"2022-04-01T18:26:06","slug":"legislacao-2","status":"publish","type":"page","link":"http:\/\/www.compras.ma.gov.br\/portal\/legislacao-2\/","title":{"rendered":"Legisla\u00e7\u00e3o"},"content":{"rendered":"\n<p>Est\u00e3o reunidas \u00e0s legisla\u00e7\u00f5es de interesse dos cidad\u00e3os, fornecedores e agentes p\u00fablicos pertinente as mat\u00e9rias das compras p\u00fablicas, por classificadas por hierarquia normativa.<\/p>\n\n\n\n<ul class=\"wp-block-list\" style=\"font-size:18px\"><li><a href=\"http:\/\/www.compras.ma.gov.br\/portal\/leis-federais\/\">Legisla\u00e7\u00e3o Federal<\/a><\/li><li><a href=\"http:\/\/www.compras.ma.gov.br\/portal\/leis-estaduais\/\">Legisla\u00e7\u00e3o Estadual<\/a><\/li><li><a href=\"http:\/\/www.compras.ma.gov.br\/portal\/nova-lei-de-licitacoes-e-contratos\/\" data-type=\"URL\" data-id=\"http:\/\/www.compras.ma.gov.br\/portal\/nova-lei-de-licitacoes-e-contratos\/\">Nova Lei de Licita\u00e7\u00f5es e Contratos<\/a><\/li><li><a href=\"http:\/\/www.compras.ma.gov.br\/portal\/consultas-publicas\/\" data-type=\"URL\" data-id=\"http:\/\/www.compras.ma.gov.br\/portal\/consultas-publicas\/\">Consultas P\u00fablicas<\/a><\/li><\/ul>\n\n\n\n<p><\/p>\n","protected":false},"excerpt":{"rendered":"<p>Est\u00e3o reunidas \u00e0s legisla\u00e7\u00f5es de interesse dos cidad\u00e3os, fornecedores e agentes p\u00fablicos pertinente as mat\u00e9rias das compras p\u00fablicas, por classificadas por hierarquia normativa. Legisla\u00e7\u00e3o Federal Legisla\u00e7\u00e3o Estadual Nova Lei de Licita\u00e7\u00f5es e Contratos Consultas P\u00fablicas<\/p>\n","protected":false},"author":1,"featured_media":0,"parent":0,"menu_order":0,"comment_status":"closed","ping_status":"closed","template":"","meta":{"footnotes":""},"class_list":["post-551","page","type-page","status-publish","hentry"],"_links":{"self":[{"href":"http:\/\/www.compras.ma.gov.br\/portal\/wp-json\/wp\/v2\/pages\/551","targetHints":{"allow":["GET"]}}],"collection":[{"href":"http:\/\/www.compras.ma.gov.br\/portal\/wp-json\/wp\/v2\/pages"}],"about":[{"href":"http:\/\/www.compras.ma.gov.br\/portal\/wp-json\/wp\/v2\/types\/page"}],"author":[{"embeddable":true,"href":"http:\/\/www.compras.ma.gov.br\/portal\/wp-json\/wp\/v2\/users\/1"}],"replies":[{"embeddable":true,"href":"http:\/\/www.compras.ma.gov.br\/portal\/wp-json\/wp\/v2\/comments?post=551"}],"version-history":[{"count":0,"href":"http:\/\/www.compras.ma.gov.br\/portal\/wp-json\/wp\/v2\/pages\/551\/revisions"}],"wp:attachment":[{"href":"http:\/\/www.compras.ma.gov.br\/portal\/wp-json\/wp\/v2\/media?parent=551"}],"curies":[{"name":"wp","href":"https:\/\/api.w.org\/{rel}","templated":true}]}}

Legislação

<p>Estão reunidas às legislações de interesse dos cidadãos, fornecedores e agentes públicos pertinente as matérias das compras públicas, por classificadas por hierarquia normativa.</p>



<ul class="wp-block-list" style="font-size:18px"><li><a href="http://www.compras.ma.gov.br/portal/leis-federais/">Legislação Federal</a></li><li><a href="http://www.compras.ma.gov.br/portal/leis-estaduais/">Legislação Estadual</a></li><li><a href="http://www.compras.ma.gov.br/portal/nova-lei-de-licitacoes-e-contratos/" data-type="URL" data-id="http://www.compras.ma.gov.br/portal/nova-lei-de-licitacoes-e-contratos/">Nova Lei de Licitações e Contratos</a></li><li><a href="http://www.compras.ma.gov.br/portal/consultas-publicas/" data-type="URL" data-id="http://www.compras.ma.gov.br/portal/consultas-publicas/">Consultas Públicas</a></li></ul>



<p></p>

<p>Estão reunidas às legislações de interesse dos cidadãos, fornecedores e agentes públicos pertinente as matérias das compras públicas, por classificadas por hierarquia normativa. Legislação Federal Legislação Estadual Nova Lei de Licitações e Contratos Consultas Públicas</p>
