{"id":936,"date":"2022-12-13T18:18:54","date_gmt":"2022-12-13T21:18:54","guid":{"rendered":"http:\/\/www.compras.ma.gov.br\/portal\/?page_id=936"},"modified":"2022-12-13T18:18:54","modified_gmt":"2022-12-13T21:18:54","slug":"intencoes-de-registro-de-precos","status":"publish","type":"page","link":"http:\/\/www.compras.ma.gov.br\/portal\/intencoes-de-registro-de-precos\/","title":{"rendered":"Inten\u00e7\u00f5es de Registro de Pre\u00e7os"},"content":{"rendered":"\n<p>\u200bA Inten\u00e7\u00e3o de Registro de Pre\u00e7os -IRP \u00e9 um procedimento sistematizado e operacionalizado que possibilita aos \u00f3rg\u00e3os e entidades interessados em efetuar licita\u00e7\u00e3o para registro de pre\u00e7os de um determinado bem ou servi\u00e7o divulgar a inten\u00e7\u00e3o dessa compra para o restante da Administra\u00e7\u00e3o P\u00fablica Estadual, possibilitando, assim, a realiza\u00e7\u00e3o de certame licitat\u00f3rio em conjunto para contrata\u00e7\u00e3o do objeto pretendido.<\/p>\n\n\n\n<p>A Inten\u00e7\u00e3o de Registro de Pre\u00e7os permite a realiza\u00e7\u00e3o de licita\u00e7\u00e3o \u00fanica com a jun\u00e7\u00e3o das demandas dos diversos \u00f3rg\u00e3os e entidades estaduais para a contrata\u00e7\u00e3o de objetos comuns, devendo ser respondida diretamente no SIGA, por meio do m\u00f3dulo de Gest\u00e3o de Compras, menu Registro de pre\u00e7os\/previs\u00e3o de consumo.<\/p>\n\n\n\n<p><\/p>\n\n\n\n<figure class=\"wp-block-table\"><table><thead><tr><th><strong>Prazos para IRP<\/strong><\/th><th>Objetivo da IRP<\/th><th>Links e Anexos<\/th><\/tr><\/thead><tbody><tr><td><strong>Abertura<\/strong>:&nbsp;05\/12\/2022<br><strong>Encerramento<\/strong>:&nbsp;20\/12\/2022<br><strong>Status:<\/strong>&nbsp;Encerrada<\/td><td>Registro de Pre\u00e7os para aquisi\u00e7\u00e3o de aparelhos de ar condicionado.<\/td><td><strong>Link<\/strong>:&nbsp;<a href=\"http:\/\/www.compras.ma.gov.br\/sgc\/faces\/priv\/comum\/PrincipalAreaRestrita.jsp\" data-type=\"URL\" data-id=\"http:\/\/www.compras.ma.gov.br\/sgc\/faces\/priv\/comum\/PrincipalAreaRestrita.jsp\" target=\"_blank\" rel=\"noreferrer noopener\">Consulta<\/a><br>Anexo: TRs, Planilhas<\/td><\/tr><tr><td><br><strong>Abertura<\/strong>:&nbsp;23\/11\/2022<br><strong>Encerramento<\/strong>:&nbsp;06\/12\/2022<br><strong>Status:<\/strong>&nbsp;Encerrada<\/td><td>Registro de Pre\u00e7o para contrata\u00e7\u00e3o de empresa especializada na presta\u00e7\u00e3o de servi\u00e7os terceirizados de apoio administrativo para as Unidades Administrativas da Atividade de Meio da PC\/MA.<\/td><td><strong>Link<\/strong>:&nbsp;<a href=\"http:\/\/www.compras.ma.gov.br\/sgc\/faces\/priv\/comum\/PrincipalAreaRestrita.jsp\" data-type=\"URL\" data-id=\"http:\/\/www.compras.ma.gov.br\/sgc\/faces\/priv\/comum\/PrincipalAreaRestrita.jsp\" target=\"_blank\" rel=\"noreferrer noopener\">Consulta<\/a><br>Anexo: TRs, Planilhas<\/td><\/tr><\/tbody><\/table><\/figure>\n","protected":false},"excerpt":{"rendered":"<p>\u200bA Inten\u00e7\u00e3o de Registro de Pre\u00e7os -IRP \u00e9 um procedimento sistematizado e operacionalizado que possibilita aos \u00f3rg\u00e3os e entidades interessados em efetuar licita\u00e7\u00e3o para registro de pre\u00e7os de um determinado bem ou servi\u00e7o divulgar a inten\u00e7\u00e3o dessa compra para o restante da Administra\u00e7\u00e3o P\u00fablica Estadual, possibilitando, assim, a realiza\u00e7\u00e3o de certame licitat\u00f3rio em conjunto para [&hellip;]<\/p>\n","protected":false},"author":1,"featured_media":0,"parent":0,"menu_order":0,"comment_status":"closed","ping_status":"closed","template":"","meta":{"footnotes":""},"class_list":["post-936","page","type-page","status-publish","hentry"],"_links":{"self":[{"href":"http:\/\/www.compras.ma.gov.br\/portal\/wp-json\/wp\/v2\/pages\/936","targetHints":{"allow":["GET"]}}],"collection":[{"href":"http:\/\/www.compras.ma.gov.br\/portal\/wp-json\/wp\/v2\/pages"}],"about":[{"href":"http:\/\/www.compras.ma.gov.br\/portal\/wp-json\/wp\/v2\/types\/page"}],"author":[{"embeddable":true,"href":"http:\/\/www.compras.ma.gov.br\/portal\/wp-json\/wp\/v2\/users\/1"}],"replies":[{"embeddable":true,"href":"http:\/\/www.compras.ma.gov.br\/portal\/wp-json\/wp\/v2\/comments?post=936"}],"version-history":[{"count":0,"href":"http:\/\/www.compras.ma.gov.br\/portal\/wp-json\/wp\/v2\/pages\/936\/revisions"}],"wp:attachment":[{"href":"http:\/\/www.compras.ma.gov.br\/portal\/wp-json\/wp\/v2\/media?parent=936"}],"curies":[{"name":"wp","href":"https:\/\/api.w.org\/{rel}","templated":true}]}}