{"id":938,"date":"2022-12-13T18:18:00","date_gmt":"2022-12-13T21:18:00","guid":{"rendered":"http:\/\/www.compras.ma.gov.br\/portal\/?page_id=938"},"modified":"2025-05-16T16:27:17","modified_gmt":"2025-05-16T19:27:17","slug":"planejamento-anual-de-compras-publicas","status":"publish","type":"page","link":"http:\/\/www.compras.ma.gov.br\/portal\/planejamento-anual-de-compras-publicas\/","title":{"rendered":"Plano de Compras"},"content":{"rendered":"\r\n<p>O Plano Anual de Compras e Contrata\u00e7\u00f5es &#8211; PAC consiste na elabora\u00e7\u00e3o de lista consolidada de bens e\/ou servi\u00e7os que os \u00f3rg\u00e3os e entidades do Governo do Estado do Maranh\u00e3o planejam adquirir e\/ou contratar no exerc\u00edcio seguinte com base no or\u00e7amento previsto.<\/p>\r\n\r\n\r\n\r\n<p>O Plano Anual de Compras tem por finalidade garantir a manuten\u00e7\u00e3o da infraestrutura necess\u00e1ria para a presta\u00e7\u00e3o de servi\u00e7os p\u00fablicos a fim de contribuir para que a Administra\u00e7\u00e3o possa atingir os seus objetivos estrat\u00e9gicos.<\/p>\r\n\r\n\r\n\r\n<p>A elabora\u00e7\u00e3o e consolida\u00e7\u00e3o \u00e9 feita de forma totalmente on-line por meio do sistema SIGA.<\/p>\r\n\r\n\r\n\r\n<p>Para visualizar o Plano de Compras consolidado clique no link abaixo:<\/p>\r\n\r\n\r\n\r\n<ul class=\"wp-block-list\">\r\n<li><strong><a href=\"http:\/\/www.compras.ma.gov.br\/portal\/wp-content\/uploads\/2025\/05\/Relatorio-Parcial-PCA-2025-8.pdf\">Plano Anual de Compras 2025<\/a><\/strong><\/li>\r\n<li><a href=\"http:\/\/www.compras.ma.gov.br\/portal\/wp-content\/uploads\/2025\/05\/Relatorio-Preliminar-do-PAC-2024.pdf\"><strong>Plano Anual de Compras 2024<\/strong><\/a><\/li>\r\n<li><strong><a href=\"http:\/\/www.compras.ma.gov.br\/portal\/plano-de-compras-2023\/\">Plano Anual de Compras 2023<\/a><\/strong><\/li>\r\n<li><strong>Plano Anual de Compras 2022<\/strong><\/li>\r\n<li><strong>Plano Anual de Compras 2021<\/strong><\/li>\r\n<\/ul>\r\n\r\n\r\n\r\n<p>&nbsp;<\/p>\r\n","protected":false},"excerpt":{"rendered":"<p>O Plano Anual de Compras e Contrata\u00e7\u00f5es &#8211; PAC consiste na elabora\u00e7\u00e3o de lista consolidada de bens e\/ou servi\u00e7os que os \u00f3rg\u00e3os e entidades do Governo do Estado do Maranh\u00e3o planejam adquirir e\/ou contratar no exerc\u00edcio seguinte com base no or\u00e7amento previsto. O Plano Anual de Compras tem por finalidade garantir a manuten\u00e7\u00e3o da infraestrutura [&hellip;]<\/p>\n","protected":false},"author":1,"featured_media":0,"parent":0,"menu_order":0,"comment_status":"closed","ping_status":"closed","template":"","meta":{"footnotes":""},"class_list":["post-938","page","type-page","status-publish","hentry"],"_links":{"self":[{"href":"http:\/\/www.compras.ma.gov.br\/portal\/wp-json\/wp\/v2\/pages\/938","targetHints":{"allow":["GET"]}}],"collection":[{"href":"http:\/\/www.compras.ma.gov.br\/portal\/wp-json\/wp\/v2\/pages"}],"about":[{"href":"http:\/\/www.compras.ma.gov.br\/portal\/wp-json\/wp\/v2\/types\/page"}],"author":[{"embeddable":true,"href":"http:\/\/www.compras.ma.gov.br\/portal\/wp-json\/wp\/v2\/users\/1"}],"replies":[{"embeddable":true,"href":"http:\/\/www.compras.ma.gov.br\/portal\/wp-json\/wp\/v2\/comments?post=938"}],"version-history":[{"count":2,"href":"http:\/\/www.compras.ma.gov.br\/portal\/wp-json\/wp\/v2\/pages\/938\/revisions"}],"predecessor-version":[{"id":2419,"href":"http:\/\/www.compras.ma.gov.br\/portal\/wp-json\/wp\/v2\/pages\/938\/revisions\/2419"}],"wp:attachment":[{"href":"http:\/\/www.compras.ma.gov.br\/portal\/wp-json\/wp\/v2\/media?parent=938"}],"curies":[{"name":"wp","href":"https:\/\/api.w.org\/{rel}","templated":true}]}}